
Let p(w) = -w**3 + w + 310. Let y be p(0). Suppose -u - 3*d + y = 0, u = 4*d + 219 + 112. Is u composite?
True
Let f(z) = -z**3 + 41*z**2 - 43*z - 66. Is f(35) a prime number?
True
Let c = 28974 - 14003. Is c a prime number?
False
Let l be (-9)/2*28/(-42). Is 2/l - (-6433)/21 a prime number?
True
Let l(a) = -a**3 + 9*a**2 - 9*a. Let k be l(8). Let p(o) = o**3 + 9*o**2 - 11*o - 3. Is p(k) a composite number?
False
Let v(m) = -49*m - 3. Suppose -p + 6*p + 31 = -3*c, p + c + 5 = 0. Is v(p) prime?
True
Suppose 113*i = 108*i + 2335. Is i a composite number?
False
Suppose -4*a - 155*n + 158*n + 42371 = 0, -a + n = -10594. Is a composite?
False
Let p(c) = 22*c - 2. Let o be p(1). Suppose -4*d + o = -124. Suppose -75 = -3*v + d. Is v composite?
False
Suppose 3*w = -5*r + 39, 0*r + 21 = 5*r - 3*w. Suppose 785 = 11*k - r*k. Is k prime?
True
Let x = 3054 - 47. Is x a composite number?
True
Let o(j) be the first derivative of -55*j**2/2 - 4*j - 7. Let v be o(-2). Is (-3)/(1 - 108/v) a prime number?
False
Let z be (-6 - -4)*1*-1. Suppose z*c + 15 = -71. Let t = c - -220. Is t prime?
False
Is 3796 - -27*(-5)/15 prime?
False
Let y(i) = i**2 - 9*i + 121. Is y(15) prime?
True
Suppose -4*a = 5*x - 2*x - 368, 368 = 4*a - x. Is a*(-2)/((-16)/38) composite?
True
Suppose r = 2 - 6. Is (-817 + 2)/(-6 - r - -1) a prime number?
False
Is 916091/22 + 1/2 a prime number?
True
Let v be (-1 - 0)*-3*49. Suppose 175 = y + 3*m, 2*m + v = y - 2*m. Is y a composite number?
False
Let g = -4087 - -7641. Is g composite?
True
Suppose o - 4083 = -4*u - 935, 3*o = -4*u + 3148. Is u composite?
False
Let c = 65 - 45. Suppose -3*h - h + c = 0. Suppose -h*n = -n - 1572. Is n prime?
False
Suppose -194 = -2*c - 4*h, 2*c + 4*h = 5*h + 189. Is c*2 - 51/17 composite?
True
Let s = 8630 - -2519. Is s a composite number?
False
Let b(m) = -m**3 + 42*m**2 + 36*m + 26. Is b(40) prime?
False
Suppose 170*u - 161*u = 170919. Is u composite?
True
Let d = -356 + 711. Let g = 33 - -173. Let i = d - g. Is i prime?
True
Suppose -3*v + 19833 = 3048. Suppose -18*y + v = -13*y. Is y a composite number?
True
Suppose 0 = -b - 3 + 1. Let n(v) = -2*v**3 + 8*v**2 - v - 2. Let d be n(3). Let g = d - b. Is g a prime number?
False
Let r be ((9 - 4) + 111)*(-11)/4. Let i = r - -996. Is i prime?
True
Suppose 26 = -4*u - 10. Let w(y) = -4*y**3 - 20*y**2 + 10*y - 5. Is w(u) a prime number?
True
Let p = 58 - 51. Suppose p*s = 1563 + 11198. Is s a prime number?
True
Let s(u) = -u**3 - 3*u**2 + 24*u + 35. Let q(m) = -2*m**3 - 5*m**2 + 36*m + 53. Let b(x) = 5*q(x) - 7*s(x). Is b(-7) composite?
False
Suppose 6*k - 30896 = -10*k. Is k a composite number?
False
Let o(b) = b**2 + 16*b - 24. Let v be o(-14). Let h(k) = -17*k. Let d be h(-5). Let s = d + v. Is s prime?
False
Let k = 53889 + -26672. Is k a composite number?
True
Suppose 163*k - 158*k - 42805 = 0. Is k prime?
False
Suppose 2*z - 105883 = -2*z - 3*y, 0 = -z + 4*y + 26485. Is z prime?
False
Let g be (-2)/(-5)*2/(10/25). Suppose g*w = -2*w + 1276. Is w a composite number?
True
Let j = 82 - 80. Suppose j*t - 96 = -4*h, 0*h + 5*t + 68 = 4*h. Is h prime?
False
Let o(w) = 5*w**3 - 2*w**2 + 3*w - 8. Let r be o(-4). Let s = r - -707. Is s prime?
False
Let h = 306 - -7303. Is h a composite number?
True
Suppose -2*i = 5*y - 1363, 325 = i + 4*y - 364. Is i a composite number?
True
Suppose 3*w - 12 = -3*h + 6, 2*h = -5*w + 18. Suppose 0*x + w*x + 4*c - 4 = 0, 0 = -3*x - 2*c + 14. Let n(s) = s**3 - 7*s**2 + 6*s + 6. Is n(x) a prime number?
False
Suppose 8*i + 32*i = 494840. Is i composite?
True
Suppose u = 2*x + 4, 0 = -4*x + 9*u - 4*u - 2. Is ((-2)/x)/(22/32703) a composite number?
False
Suppose 101760 = 4*l - 4*n, 0 = -4*n + 28 - 32. Is l a composite number?
False
Suppose 8*v - 2*v + 6 = 0. Let f = v - -2. Is (143 - -3 - -2) + f prime?
True
Suppose 6*c - 5*c = -241. Let v = 576 + c. Is v a composite number?
True
Suppose 0*l - l + 3 = 0. Suppose 3*s + l = -6. Is 247 + 6/(s/(-1)) a prime number?
False
Let c(l) = 20*l**2 + 15*l + 17. Is c(-28) composite?
False
Suppose 1809 = 11*w - 4945. Is w prime?
False
Suppose 3*z - x + 0 = 6, -4*z - 2*x = -18. Let u = 8 - z. Suppose 5*l = -2*o + 5*o + 4820, -u*o + 4860 = 5*l. Is l prime?
True
Let f(q) = 6*q**2 - 8*q - 5. Let x = -9 - -5. Let o be 9 - x/(4/(-3)). Is f(o) a prime number?
True
Let z(a) = 5*a**3 - 9*a**2 + a - 10. Let q(y) = y**3 - y**2 - y - 1. Let o(h) = 6*q(h) - z(h). Is o(5) prime?
False
Suppose w = 7 - 3. Let b be 570/8 + (-1)/w. Suppose -21 = 5*d - b. Is d a prime number?
False
Suppose -4*w - 20 = 4*d - 0, -2*d = w + 7. Is -3 - (w - -2) - -253 a prime number?
True
Let s(u) = -u**3 - 16*u**2 + 3*u + 19. Let n(i) = 5*i + 48. Let h be n(-13). Is s(h) a composite number?
False
Let s(m) = -m**3 + 39*m**2 - 68*m + 109. Is s(37) composite?
False
Let d = 2534 - 135. Is d composite?
False
Suppose 2*s - 19374 - 3940 = -4*g, 5*g = -3*s + 34975. Is s a composite number?
True
Let u(g) = 10 - 6 - 15 - g - 7*g. Let l = -11 + 5. Is u(l) a composite number?
False
Let c = -59 - -59. Suppose c*t + 2037 = 5*z + 2*t, 5*z - t = 2049. Is z a prime number?
True
Let a(j) = 14*j + 2. Let s(g) = -1. Let p(y) = -a(y) - 10*s(y). Let o be p(-8). Suppose o = 3*x + 2*k, 63 = 5*x - 5*k - 112. Is x a prime number?
False
Let f be (294/8)/((-39)/(-104)). Suppose f = -5*v + 1873. Is v prime?
False
Let m(h) = 2950*h - 29. Is m(1) a composite number?
True
Suppose 5*c - 6*c + 2 = 0. Let z(h) = 269*h**3 + h**2 - 3. Is z(c) prime?
True
Suppose 0 = o - 0*n + 5*n + 909, 0 = 4*o - 2*n + 3548. Let z = o - -1376. Is z composite?
False
Suppose 5*y + 5*k + 1989 = 28009, 5*y - 26041 = 2*k. Is y a composite number?
True
Let n(t) = 13*t**2 - 2*t + 4. Let p be n(-9). Let h be (2 - p/(-4))*-4. Let q = -592 - h. Is q a prime number?
True
Let l be 2 + -1 - (1 + 0). Suppose l = u + 4*u - 8185. Is u prime?
True
Let f(g) = -7*g**3 + 4*g**2 + 4*g + 5. Let v(w) = -1. Let i(p) = f(p) + v(p). Let k(u) = 9*u + 96. Let d be k(-11). Is i(d) prime?
False
Let j = 39 + 38. Is j a prime number?
False
Let n = -64 + -44. Suppose 23 = 3*q - 0*c + c, 2*q - 4*c = 6. Let r = q - n. Is r composite?
True
Let f = 22 + -20. Let j = f - -3. Suppose -j*s - 91 = -3*k, -109 = -5*k + 5*s + 56. Is k composite?
False
Suppose -3*k + 8*k - 2*d - 13940 = 0, k + 2*d - 2788 = 0. Let p = 6130 - k. Suppose 3*f = 9*f - p. Is f prime?
True
Suppose 0 = f + 3*b - 7*b + 7, -4*f + 8 = 2*b. Is (-21)/7 - (-3645 + 1/f) a composite number?
True
Let g = -264 - -64. Suppose w - 343 = -5*a, 119 + 543 = 2*w - 2*a. Let c = w + g. Is c prime?
False
Let u(q) be the third derivative of 1/24*q**4 - 5*q**2 + 0 + 0*q + 107/2*q**3. Is u(0) composite?
True
Let r be (0 + 1)*(3 + -6 - 0). Is 15/(-2)*(r + 1131/(-9)) a composite number?
True
Let q = -8219 - -17332. Is q composite?
True
Let h(d) = -13*d**3. Let u be h(-1). Let x = 17 - u. Suppose -o + 837 = x*o - a, 3*o + 2*a = 497. Is o composite?
False
Suppose -2*c - 2*c + 5*b = -22, -3*b - 18 = -4*c. Suppose w + 163 = -h, 2*h + c*h = 5*w + 795. Let m = w + 414. Is m a prime number?
False
Let b = 31985 - 12276. Is b composite?
False
Suppose -5*v + 4*t = -65873, -4*v - 13110 + 65792 = 5*t. Is v composite?
True
Let q(s) = -243*s - 98. Is q(-5) a composite number?
False
Suppose 0 = -8*g + 4946 + 1014. Is g a prime number?
False
Let x = -10 - -14. Let t be (x/(-4))/(1/(-7)). Suppose -2*i - t = -621. Is i a prime number?
True
Is 6 + (31594 - 3/(-3)) prime?
True
Suppose -20*z = -16666 - 16314. Is z a prime number?
False
Let o(n) = -n**3 - 5*n**2 - n + 20. Suppose -5*f = f + 30. Is o(f) composite?
True
Suppose 0 = -a - 5*i + 1111, 2*a - 724 - 1516 = -4*i. Is a a prime number?
False
Let d(x) = x**2 - 2*x - 7. Let u be d(5). Suppose -6*t = -2*t - u. Suppose t*f - f = -l + 6, 0 = f + 1. Is l prime?
True
Suppose 73*w - 18155 = 68*w. Is w a composite number?
False
Let g(c) = 77*c - 1. Let f(b) = -39*b + 1. Let j(p) = -11*f(p) - 6*g(p). Let s = 0 + -4. Is j(s) a composite number?
False
Is (4/(-8))/(1/(-26266)) a composite number?
True
Let q(m) = -2 + 6*m**2 + 1 + 45*m**2. Let w(a) = -a**3 - 13*a**2 - 13*a - 14. Let y be w(-12). Is q(y) composite?
True
Let w(i) = -i**3 + 15*i**2 - 13*i + 4. Let t be w(12). Suppose 3*k + 5*a - 1216 = -346, k + 5*a - t = 0. Is k composite?
True
Suppose 18 = 4*p + 14. I